{"id":103,"date":"2023-08-02T19:01:01","date_gmt":"2023-08-02T16:01:01","guid":{"rendered":"http:\/\/uusi.sik.fi\/index.php\/2012\/03\/27\/fuksit-16\/"},"modified":"2023-08-02T19:01:01","modified_gmt":"2023-08-02T16:01:01","slug":"fuksit-16","status":"publish","type":"page","link":"https:\/\/www.sik.fi\/?page_id=103","title":{"rendered":"Fuksit"},"content":{"rendered":"\n<p><strong>Miksi elektroniikka ja tietoliikennetekniikka?<\/strong><br>Nopeasti voisin lis\u00e4t\u00e4 t\u00e4nne ohikuulleen esiin tulleita vastauksia: &#8221;No miksip\u00e4 ei!&#8221; tai &#8221;On sit\u00e4 huonompiakin valintoja tehty el\u00e4m\u00e4ss\u00e4.&#8221; T\u00e4ss\u00e4 alassa erikoistutaan erilaisiin s\u00e4hk\u00f6isiin laitteisiin ja niiden takana piileviin toiminnan periaatteisiin ja sovelluksiin. Jos tietokoneet tai tekniikka kiinnostaa ylip\u00e4\u00e4t\u00e4\u00e4n niin t\u00e4m\u00e4 on yksi niist\u00e4 aloista, jonne kannattaa hakea. Kurssit ovat matematiikka ja teoria painotteisia, mutta mik\u00e4p\u00e4 t\u00e4t\u00e4 maailma py\u00f6ritt\u00e4isi, jos insin\u00f6\u00f6rit eiv\u00e4t sit\u00e4 kaavoineen laskisi muiden puolesta. Oman alan kes\u00e4t\u00f6ihin p\u00e4\u00e4see jopa ensimm\u00e4isen\u00e4 opintovuotena ja palkka on hyv\u00e4\u00e4.<\/p>\n\n\n\n<p><strong>Mik\u00e4 ihmeen kilta ja mihin velhokouluun sit\u00e4 tuli haettua?<\/strong><br>Ainej\u00e4rjest\u00f6j\u00e4 kutsutaan yliopistossamme killoiksi. Killat ajavat oman alan opiskelijoiden etua ja j\u00e4rjest\u00e4v\u00e4t erilaisia tapahtumia pitkin lukuvuotta. Ensimm\u00e4isen\u00e4 opiskeluvuotena p\u00e4\u00e4sette mukaan mit\u00e4 mahtavimpiin tapahtumiin, joissa sosialisoidutte muiden opiskelijoiden kanssa ja nautitte korkeaa teekkarikulttuuria ihan mahan t\u00e4ydelt\u00e4!<\/p>\n\n\n\n<p><strong>Kuka auttaa minua l\u00f6yt\u00e4m\u00e4\u00e4n kavereita ja tutustuttaa opintoihin?<\/strong><br>Tuutorit ovat t\u00e4rkeimpi\u00e4 oppaitasi opintojen alussa. Tuutorit kyll\u00e4 pit\u00e4v\u00e4t huolen siit\u00e4, ett\u00e4 mik\u00e4\u00e4n tieto ei ole en\u00e4\u00e4 sumun peitossa ja sen my\u00f6s, ett\u00e4 olet l\u00f6yt\u00e4nyt itsellesi opiskelukavereita. Tuutoreilta saa ja PIT\u00c4\u00c4 kysy\u00e4 aina kun tulee mieleen jotain, he kyll\u00e4 auttavat parhaansa mukaan tilanteessa kuin tilanteessa.<\/p>\n\n\n\n<p class=\"has-normal-font-size\"><strong>Jokin asia tympii ja tekee mieli vaikuttaa&#8230; Miten p\u00e4\u00e4sen parantamaan maailmaa?<\/strong><br>Killan toimintaa yll\u00e4pit\u00e4\u00e4 hallitus ja toimihenkil\u00f6t. Hallituksen teht\u00e4v\u00e4 on p\u00e4\u00e4tt\u00e4\u00e4 kiltaa koskevista asioista ja laittaa tapahtumat py\u00f6rim\u00e4\u00e4n. Killan hallitus muodostetaan vuoden lopussa vuosikokouksessa \u00e4\u00e4nest\u00e4m\u00e4ll\u00e4 henkil\u00f6it\u00e4 pesteihin. Uusi hallitus astuu voimaan vuoden vaihtuessa. Mutta juuri kuin luulit, ettei uusi opiskelija p\u00e4\u00e4se vaikuttamaan asioihin, Ei h\u00e4t\u00e4\u00e4! Juuri sinulla on my\u00f6s mahdollisuus osallistua hallituksen toimintaan ja tulla valituksi jo ensimm\u00e4isen\u00e4 opiskeluvuotenasi!<\/p>\n\n\n\n<p class=\"has-normal-font-size\"><strong>Nyt kyll\u00e4 puhut tylsi\u00e4&#8230; Miss\u00e4 ja milloin seuraavat bileet??!1<\/strong><br>Kiltamme tapahtumakalenterista voit bongata itselle sopivimmat killan j\u00e4rjest\u00e4m\u00e4t pippalot ja tapahtumat. Osallistuessasi teekkareiden j\u00e4rjest\u00e4miin tapahtumiin, on sinulla mahdollisuus ansaita fuksipisteit\u00e4! Fuksipisteill\u00e4 ansaitset kunnioitusta ja riitt\u00e4v\u00e4ll\u00e4 m\u00e4\u00e4r\u00e4ll\u00e4 saat itsellesi komean teekkarilakin Wappuna. Mutta ennen kuin menn\u00e4\u00e4n asioiden edelle, syksy tuo tullessaan fukseille helposti l\u00e4hestytt\u00e4vi\u00e4 tapahtumia kuten esimerkiksi fuksi-infon. Fuksi-infossa k\u00e4sittelemme aiheita, joita tulisi ymm\u00e4rt\u00e4\u00e4 jo ensimm\u00e4isist\u00e4 p\u00e4ivist\u00e4 l\u00e4htien. Toki on paljon rennompaakin menoa, sill\u00e4 l\u00e4hdemme my\u00f6s mahtavalle fuksiexcursiolle syksyn h\u00e4m\u00e4rtyess\u00e4.<\/p>\n\n\n\n<p><strong>El\u00e4m\u00e4\u00e4 helpottavia vinkkej\u00e4 ja linkkej\u00e4:<\/strong><br>Apua alkuun: <a href=\"https:\/\/www.sik.fi\/?page_id=191\">Hy\u00f6dyllisi\u00e4 linkkej\u00e4 fukseille<\/a><br>Vaikeita termej\u00e4?: <a href=\"https:\/\/www.sik.fi\/?page_id=192\">Sanastoa<\/a><br>Lukutoukalle: <a href=\"https:\/\/www.sik.fi\/?page_id=120\">Kiltalehti Sinssi<\/a><br>Bilehileelle: <a href=\"https:\/\/www.sik.fi\/?page_id=1540\">Tapahtumakalenteri<\/a><br>J\u00e4ykistelij\u00e4lle: <a href=\"https:\/\/www.sik.fi\/?page_id=1664\">Killan s\u00e4\u00e4nn\u00f6t<\/a><\/p>\n","protected":false},"excerpt":{"rendered":"<p>Miksi elektroniikka ja tietoliikennetekniikka?Nopeasti voisin lis\u00e4t\u00e4 t\u00e4nne ohikuulleen esiin tulleita vastauksia: &#8221;No miksip\u00e4 ei!&#8221; tai &#8221;On sit\u00e4 huonompiakin valintoja tehty el\u00e4m\u00e4ss\u00e4.&#8221; T\u00e4ss\u00e4 alassa erikoistutaan erilaisiin s\u00e4hk\u00f6isiin laitteisiin ja niiden takana piileviin toiminnan periaatteisiin ja sovelluksiin. Jos tietokoneet tai tekniikka kiinnostaa ylip\u00e4\u00e4t\u00e4\u00e4n niin t\u00e4m\u00e4 on yksi niist\u00e4 aloista, jonne kannattaa hakea. &hellip;<\/p>\n","protected":false},"author":27,"featured_media":0,"parent":0,"menu_order":51,"comment_status":"closed","ping_status":"open","template":"","meta":{"footnotes":""},"class_list":["post-103","page","type-page","status-publish","hentry"],"_links":{"self":[{"href":"https:\/\/www.sik.fi\/index.php?rest_route=\/wp\/v2\/pages\/103","targetHints":{"allow":["GET"]}}],"collection":[{"href":"https:\/\/www.sik.fi\/index.php?rest_route=\/wp\/v2\/pages"}],"about":[{"href":"https:\/\/www.sik.fi\/index.php?rest_route=\/wp\/v2\/types\/page"}],"author":[{"embeddable":true,"href":"https:\/\/www.sik.fi\/index.php?rest_route=\/wp\/v2\/users\/27"}],"replies":[{"embeddable":true,"href":"https:\/\/www.sik.fi\/index.php?rest_route=%2Fwp%2Fv2%2Fcomments&post=103"}],"version-history":[{"count":3,"href":"https:\/\/www.sik.fi\/index.php?rest_route=\/wp\/v2\/pages\/103\/revisions"}],"predecessor-version":[{"id":2187,"href":"https:\/\/www.sik.fi\/index.php?rest_route=\/wp\/v2\/pages\/103\/revisions\/2187"}],"wp:attachment":[{"href":"https:\/\/www.sik.fi\/index.php?rest_route=%2Fwp%2Fv2%2Fmedia&parent=103"}],"curies":[{"name":"wp","href":"https:\/\/api.w.org\/{rel}","templated":true}]}}