{"id":105,"date":"2012-03-27T21:06:33","date_gmt":"2012-03-27T21:06:33","guid":{"rendered":"http:\/\/uusi.sik.fi\/index.php\/2012\/03\/27\/saeaennoet\/"},"modified":"2021-02-28T23:12:10","modified_gmt":"2021-02-28T21:12:10","slug":"saeaennoet","status":"publish","type":"page","link":"https:\/\/www.sik.fi\/?page_id=105","title":{"rendered":"S\u00e4\u00e4nn\u00f6t (vanha)"},"content":{"rendered":"<p style=\"text-align: left;\"><strong>N\u00e4m\u00e4 vanhat s\u00e4\u00e4nn\u00f6t eiv\u00e4t ole en\u00e4\u00e4 voimassa:<\/strong><\/p>\n<h2>I LUKU &#8211; YLEISI\u00c4 S\u00c4\u00c4NN\u00d6KSI\u00c4:<\/h2>\n<h3>1 \u00a7 Yhdistyksen nimi<\/h3>\n<p>Yhdistyksen nimi on S\u00e4hk\u00f6insin\u00f6\u00f6rikilta ry. Yhdistyksest\u00e4 k\u00e4ytet\u00e4\u00e4n n\u00e4iss\u00e4 s\u00e4\u00e4nn\u00f6iss\u00e4 nimityst\u00e4 kilta.<\/p>\n<h3>2 \u00a7 Killan tarkoitus<\/h3>\n<p>Killan tarkoituksena on toimia Oulun yliopiston\u00a0Tieto- ja s\u00e4hk\u00f6tekniikan tiedekunnan s\u00e4hk\u00f6tekniikan, \u00a0elektroniikan ja tietoliikennetekniikan koulutusohjelmien\u00a0opiskelijoiden yhdyssiteen\u00e4. Kilta pyrkii toiminnallaan her\u00e4tt\u00e4m\u00e4\u00e4n ja yll\u00e4pit\u00e4m\u00e4\u00e4n j\u00e4sentens\u00e4 harrastusta ammatillisiin,\u00a0sivistyksellisiin ja yleisiin yhteiskunnallisiin kysymyksiin. Kilta ajaa j\u00e4sentens\u00e4 etuja yliopistossa ja ammatillisissa yhteis\u00f6iss\u00e4 sek\u00e4 pit\u00e4\u00e4 yll\u00e4 suhteita muihin, erityisesti saman alan koti- ja ulkomaisiin j\u00e4rjest\u00f6ihin. Kilta valvoo j\u00e4sentens\u00e4 keskuudessa j\u00e4rjestyst\u00e4 ja siveellist\u00e4 ryhti\u00e4 sek\u00e4 yll\u00e4pit\u00e4\u00e4 tervett\u00e4 teekkarihenke\u00e4.<\/p>\n<h3>3 \u00a7 Killan toiminta<\/h3>\n<p>Tarkoituksensa toteuttamiseksi kilta harjoittaa j\u00e4sentens\u00e4 ammatillisen ja yhteiskunnallisen tietouden lis\u00e4\u00e4miseksi koulutus-, tiedotus- ja julkaisutoimintaa. Kilta v\u00e4litt\u00e4\u00e4 j\u00e4senilleen voittoa tavoittelematta opintomateriaalia, j\u00e4rjest\u00e4\u00e4 opintoretki\u00e4 ja harjoittelupaikkojen v\u00e4lityst\u00e4, yll\u00e4pit\u00e4\u00e4 kerhoja ja harrastuspiirej\u00e4, j\u00e4rjest\u00e4\u00e4 urheilu- ja liikuntatilaisuuksia sek\u00e4 huvi- ja kulttuuritilaisuuksia. Kilta voi toimintansa tukemiseksi harjoittaa arpajaistoimintaa, j\u00e4rjest\u00e4\u00e4 myyj\u00e4isi\u00e4, maksullisia huvitilaisuuksia ja muita samantapaisia tempauksia.<\/p>\n<p>Kilta voi omistaa toimintaansa varten tarpeellisen kiinteist\u00f6n tai muun toimitilan.<\/p>\n<h3>4 \u00a7 Killan kotipaikka ja kieli<\/h3>\n<p>Killan kotipaikka on Oulun kaupunki ja killan virallinen kieli on suomi.<\/p>\n<h3>5 \u00a7 Yhteydet muihin yhteis\u00f6ihin<\/h3>\n<p>Kilta on yhteisty\u00f6ss\u00e4 Oulun yliopiston Ylioppilaskunnan ja Oulun Teekkariyhdistys ry:n kanssa ja noudattaa toiminnassaan niit\u00e4 koskevia s\u00e4\u00e4nn\u00f6ksi\u00e4.<\/p>\n<h2>II LUKU &#8211; KILLAN J\u00c4SENET<\/h2>\n<h3>6 \u00a7 Killan j\u00e4senet<\/h3>\n<p>Killan varsinaiset j\u00e4senet: Killan varsinaisia j\u00e4seni\u00e4 ovat kaikki Oulun yliopiston Tieto- ja s\u00e4hk\u00f6tekniikan tiedekunnan s\u00e4hk\u00f6tekniikan, elektroniikan ja tietoliikennetekniikan koulutusohjelman opiskelijat, joiden j\u00e4senhakemuksen killan hallitus on hyv\u00e4ksynyt.<\/p>\n<p>Killan seniorij\u00e4sen: Killan varsinaisen j\u00e4senen suoritettua diplomi-insin\u00f6\u00f6rin tutkinnon h\u00e4nest\u00e4 tulee killan seniorij\u00e4sen.<\/p>\n<p>Killan kannatusj\u00e4senet: Kannatusj\u00e4seneksi voidaan hyv\u00e4ksy\u00e4 yksityinen henkil\u00f6 tai oikeuskelpoinen yhteis\u00f6, joka killan tukemiseksi suorittaa killan vaalikokouksen m\u00e4\u00e4r\u00e4\u00e4m\u00e4n vuotuis- tai ainaiskannatusj\u00e4senmaksun.<\/p>\n<p>Killan kunniaj\u00e4senet: Kilta voi kutsua kunniaj\u00e4senekseen henkil\u00f6n, jolle se haluaa osoittaa kunnioitustaan.<\/p>\n<h3>7 \u00a7 J\u00e4senten oikeudet<\/h3>\n<p>Kaikilla killan j\u00e4senill\u00e4 on l\u00e4sn\u00e4olo- ja puheoikeus killan kokouksessa. \u00e4\u00e4nioikeutettuja ja vaalikelpoisia killan kokouksessa ovat ainoastaan varsinaiset j\u00e4senet.<\/p>\n<h3>8 \u00a7 J\u00e4senen eroaminen<\/h3>\n<p>Killan j\u00e4senen, joka haluaa erota killasta, tulee ilmoittaa siit\u00e4 kirjallisesti killan hallitukselle tai sen puheenjohtajalle tai ilmoittaa eroamisesta killan kokouksessa p\u00f6yt\u00e4kirjaan merkitt\u00e4v\u00e4ksi, jolloin h\u00e4net katsotaan eronneeksi killasta ilmoituksen tekemisest\u00e4 lukien.<\/p>\n<h3>9 \u00a7 J\u00e4senen erottaminen<\/h3>\n<p>Killan kokous voi nuhdella sopimattomasti k\u00e4ytt\u00e4ytyv\u00e4\u00e4 j\u00e4sent\u00e4. Killan kokous voi 3\/4 \u00e4\u00e4nten enemmist\u00f6ll\u00e4 erottaa m\u00e4\u00e4r\u00e4ajaksi tai kokonaan j\u00e4senen, joka menettelyll\u00e4\u00e4n killassa tai sen ulkopuolella on huomattavasti vahingoittanut kiltaa.<\/p>\n<h3>10 \u00a7 J\u00e4senmaksut<\/h3>\n<p>Varsinaisilta j\u00e4senilt\u00e4, seniori- ja kunniaj\u00e4senilt\u00e4 ei perit\u00e4 j\u00e4senmaksua. Kannatusj\u00e4senilt\u00e4 perit\u00e4\u00e4n killan vaalikokouksen vuosittain m\u00e4\u00e4r\u00e4\u00e4m\u00e4 vuotuis- tai ainaiskannatusj\u00e4senmaksu.<\/p>\n<h2>III LUKU &#8211; KILLAN KOKOUKSET<\/h2>\n<h3>11 \u00a7 Killan kokous<\/h3>\n<p>P\u00e4\u00e4t\u00f6svaltaa killassa k\u00e4ytt\u00e4\u00e4 killan kokous. Killan s\u00e4\u00e4nt\u00f6m\u00e4\u00e4r\u00e4isi\u00e4 kokouksia ovat vuosikokous ja vaalikokous.<\/p>\n<h3>12 \u00a7 Kokouskutsu<\/h3>\n<p>Killan hallitus kutsuu koolle killan kokouksen. Kokouskutsun on oltava n\u00e4ht\u00e4v\u00e4n\u00e4 killan ilmoitustaululla v\u00e4hint\u00e4\u00e4n seitsem\u00e4n p\u00e4iv\u00e4n ajan ennen kokousta. Kokouskutsussa on oltava liitteen\u00e4 kokouksen asialista. S\u00e4\u00e4nt\u00f6m\u00e4\u00e4r\u00e4iset asiat on aina mainittava kokouskutsussa.<\/p>\n<p>Jos kokouksen asialistalla on t\u00e4rke\u00e4 taloudellinen kysymys, kunniaj\u00e4seneksi kutsuminen, henkil\u00f6vaali, toimesta tai killasta erottaminen, s\u00e4\u00e4nt\u00f6jen muuttaminen, killan purkaminen, kiinte\u00e4n omaisuuden ostaminen, myyminen tai kiinnitt\u00e4minen tai samalla toimikaudella tehdyn p\u00e4\u00e4t\u00f6ksen tarkastaminen, on se mainittava kokouskutsussa.<\/p>\n<h3>13 \u00a7 Killan kokouksen p\u00e4\u00e4t\u00f6svalta<\/h3>\n<p>S\u00e4\u00e4nt\u00f6jen mukaisesti koolle kutsuttu kokous on p\u00e4\u00e4t\u00f6svaltainen.<\/p>\n<h3>14 \u00a7 Killan vuosikokous<\/h3>\n<p>Killan vuosikokous on pidett\u00e4v\u00e4 helmi- tai maaliskuun aikana. Vuosikokouksessa:<\/p>\n<ol>\n<li>esitet\u00e4\u00e4n edellisen toimikauden toimintakertomus, tilinp\u00e4\u00e4t\u00f6s ja toiminnantarkastajien\u00a0lausunto,<\/li>\n<li>p\u00e4\u00e4tet\u00e4\u00e4n tilinp\u00e4\u00e4t\u00f6ksen vahvistamisesta sek\u00e4 tili- ja vastuuvapauden my\u00f6nt\u00e4misest\u00e4 edellisen toimikauden hallitukselle ja muille vastuuvelvollisille,<\/li>\n<li>k\u00e4sitell\u00e4\u00e4n muut mahdolliset asiat.<\/li>\n<\/ol>\n<h3>15 \u00a7 Killan vaalikokous<\/h3>\n<p>Killan vaalikokous on pidett\u00e4v\u00e4 marraskuun ensimm\u00e4isen ja joulukuun 15. p\u00e4iv\u00e4n v\u00e4lisen\u00e4 aikana. Vaalikokouksessa:<\/p>\n<ol>\n<li>valitaan hallituksen puheenjohtaja seuraavaksi toimikaudeksi,<\/li>\n<li>valitaan sihteeri, rahastonhoitaja, tiedotusvastaava, kiltamestari, excursiomestari, opintovastaava ja fuksivastaava,<\/li>\n<li>m\u00e4\u00e4ritell\u00e4\u00e4n hallituksen j\u00e4senten toimenkuvat seuraavaksi toimikaudeksi huomioiden 20\u00a7 m\u00e4\u00e4r\u00e4ykset,<\/li>\n<li>valitaan hallituksen muut j\u00e4senet seuraavaksi toimikaudeksi,<\/li>\n<li>valitaan kaksi toiminnantarkastajaa ja kaksi varatoiminnantarkastajaa seuraavaksi tilikaudeksi,<\/li>\n<li>p\u00e4\u00e4tet\u00e4\u00e4n kannatusj\u00e4senmaksuista,<\/li>\n<li>p\u00e4\u00e4tet\u00e4\u00e4n seuraavan toimikauden toimintasuunnitelmasta,<\/li>\n<li>p\u00e4\u00e4tet\u00e4\u00e4n seuraavan toimikauden tulo- ja menoarviosta,<\/li>\n<li>m\u00e4\u00e4ritell\u00e4\u00e4n toimihenkil\u00f6iden toimenkuvat seuraavaksi toimikaudeksi,<\/li>\n<li>valitaan toimihenkil\u00f6t seuraavaksi toimikaudeksi,<\/li>\n<li>kutsutaan oltermanni seuraavalle vuodelle,<\/li>\n<li>kutsutaan kiltavanhin seuraavalle vuodelle killan seniorij\u00e4senten joukosta,<\/li>\n<li>k\u00e4sitell\u00e4\u00e4n muut mahdolliset asiat.<\/li>\n<\/ol>\n<h3>16 \u00a7 Killan ylim\u00e4\u00e4r\u00e4inen kokous<\/h3>\n<p>Killan hallitus voi tarvittaessa kutsua koolle killan kokouksen. Killan kokous on my\u00f6s kutsuttava koolle, mik\u00e4li v\u00e4hint\u00e4\u00e4n yksi kymmenesosa (1\/10) killan \u00e4\u00e4nioikeutetuista j\u00e4senist\u00e4 sit\u00e4 ilmoittamaansa tarkoitusta varten kirjallisesti killan hallitukselta vaatii. Killan kokous on pidett\u00e4v\u00e4 viimeist\u00e4\u00e4n kahden viikon kuluessa vaatimuksen j\u00e4tt\u00e4misest\u00e4 t\u00e4h\u00e4n kuitenkaan laskematta Oulun yliopiston lukukausien v\u00e4list\u00e4 aikaa.<\/p>\n<h3>17 \u00a7 Asian k\u00e4sittely<\/h3>\n<p>Ensimm\u00e4ist\u00e4 kertaa esill\u00e4 oleva asia j\u00e4tet\u00e4\u00e4n p\u00f6yd\u00e4lle, jos kymmenesosa, kuitenkin v\u00e4hint\u00e4\u00e4n viisi l\u00e4sn\u00e4olevista \u00e4\u00e4nivaltaisista j\u00e4senist\u00e4 sit\u00e4 vaatii. Henkil\u00f6vaalia ei voida lyk\u00e4t\u00e4.<\/p>\n<p>Asia, joka edellisen kohdan mukaan olisi j\u00e4tett\u00e4v\u00e4 p\u00f6yd\u00e4lle voidaan k\u00e4sitell\u00e4 kiireellisen\u00e4 heti, jos asia on ollut mainittuna kokouskutsussa ja kokous 3\/4 enemmist\u00f6ll\u00e4 niin p\u00e4\u00e4tt\u00e4\u00e4.<\/p>\n<p>Kokouskutsussa mainitsematon asia voidaan ottaa k\u00e4sitelt\u00e4v\u00e4ksi, jos kokous yksimielisesti siihen suostuu, ottaen kuitenkin huomioon s\u00e4\u00e4nt\u00f6jen 12\u00a7 ja yhdistyslain 23\u00a7 m\u00e4\u00e4r\u00e4ykset.<\/p>\n<p>\u00c4\u00e4nestys kokouksessa toimitetaan avoimesti, ellei v\u00e4hint\u00e4\u00e4n kaksi j\u00e4sent\u00e4 vaadi umpilipuin tapahtuvaa \u00e4\u00e4nestyst\u00e4. Valtakirjalla ei saa \u00e4\u00e4nest\u00e4\u00e4. valitaan kaksi toiminnantarkastajaa ja kaksi varatoiminnantarkastajaa seuraavaksi tilikaudeksi. \u00e4\u00e4nten menness\u00e4 tasan puheenjohtajan \u00e4\u00e4ni ratkaisee, paitsi henkil\u00f6vaalissa arpa.<\/p>\n<h3>18 \u00a7 Kokouksen p\u00f6yt\u00e4kirja<\/h3>\n<p>Killan kokouksissa pidet\u00e4\u00e4n p\u00f6yt\u00e4kirjaa. P\u00f6yt\u00e4kirjan tarkastavat ja allekirjoittavat kokouksen puheenjohtaja ja sihteeri sek\u00e4 kaksi p\u00f6yt\u00e4kirjantarkastajiksi valittua kokouksen \u00e4\u00e4nivaltaista osanottajaa.<\/p>\n<p>P\u00f6yt\u00e4kirjantarkastajat eiv\u00e4t voi toimia \u00e4\u00e4ntenlaskijoina.<\/p>\n<p>Killan kokouksissa pidet\u00e4\u00e4n osanottajalistaa, joka liitet\u00e4\u00e4n kokouksen p\u00f6yt\u00e4kirjaan.<\/p>\n<h2>IV LUKU &#8211; YHDISTYKSEN HALLITUS<\/h2>\n<h3>19 \u00a7 Hallituksen puheenjohtaja<\/h3>\n<p>Vaalikokouksessa valitaan killan hallituksen puheenjohtaja seuraavaksi toimikaudeksi. Hallituksen puheenjohtajaa kutsutaan my\u00f6s killan puheenjohtajaksi.<\/p>\n<p>Puheenjohtajan teht\u00e4v\u00e4n\u00e4 on:<\/p>\n<ol>\n<li>johtaa killan toimintaa,<\/li>\n<li>valvoa killan kokousten ja hallituksen kokousten p\u00e4\u00e4t\u00f6sten t\u00e4yt\u00e4nt\u00f6\u00f6npanoa sek\u00e4<\/li>\n<li>johtaa puhetta hallituksen kokouksissa ja killan kokouksissa lukuunottamatta kokouksia, joissa p\u00e4\u00e4tet\u00e4\u00e4n toiminnantarkastajien\u00a0valitsemisesta tai erottamisesta, tilinp\u00e4\u00e4t\u00f6ksen vahvistamisesta tai vastuuvapauden my\u00f6nt\u00e4misest\u00e4 sik\u00e4li kun asia koskee hallintoa, josta h\u00e4n on vastuussa.<\/li>\n<\/ol>\n<h3>20 \u00a7 Hallituksen kokoonpano<\/h3>\n<p>Hallitukseen kuuluvat puheenjohtaja, sihteeri, rahastonhoitaja, tiedotusvastaava, kiltamestari, excursiomestari, opintovastaava, fuksivastaava ja enint\u00e4\u00e4n nelj\u00e4 muuta j\u00e4sent\u00e4.<\/p>\n<p>Hallitus valitsee keskuudestaan\u00a0<span class=\"Apple-style-span\" style=\"font-style: italic;\">varapuheenjohtajan<\/span>.<\/p>\n<p><span class=\"Apple-style-span\" style=\"font-style: italic;\">Sihteeri<\/span>\u00a0tai h\u00e4nen poissaollessaan joku hallituksen j\u00e4sen pit\u00e4\u00e4 p\u00f6yt\u00e4kirjaa hallituksen kokouksissa. Sihteeri pit\u00e4\u00e4 p\u00f6yt\u00e4kirjaa my\u00f6s killan kokouksissa. Sihteeri huolehtii killan kirjeenvaihdosta ja arkistosta.<\/p>\n<p><span class=\"Apple-style-span\" style=\"font-style: italic;\">Tiedotusvastaava<\/span>\u00a0huolehtii tiedotuksesta j\u00e4senist\u00f6lle ja sidosryhmille ja toimii samalla killan lehden p\u00e4\u00e4toimittajana.<\/p>\n<p><span class=\"Apple-style-span\" style=\"font-style: italic;\">Rahastonhoitaja<\/span>\u00a0hoitaa killan taloutta, kirjanpitoa ja kalustoluetteloa. Rahastonhoitaja laatii ehdotuksen seuraavan toimikauden tulo- ja menoarvioksi. Ehdotus on j\u00e4tett\u00e4v\u00e4 killan hallitukselle viikkoa ennen vaalikokousta. Rahastonhoitajan tulee tilikauden p\u00e4\u00e4tytty\u00e4 antaa tilit p\u00e4\u00e4tettyin\u00e4 hallitukselle viimeist\u00e4\u00e4n helmikuun aikana ja muulloinkin joko toimesta erotessaan tai killan hallituksen sit\u00e4 vaatiessa.<\/p>\n<p><span class=\"Apple-style-span\" style=\"font-style: italic;\">Kiltamestari<\/span>\u00a0hoitaa ja valvoo juhlien sek\u00e4 muiden vastaavien tilaisuuksien j\u00e4rjestelyit\u00e4.<\/p>\n<p><span class=\"Apple-style-span\" style=\"font-style: italic;\">Excursiomestari<\/span>\u00a0j\u00e4rjest\u00e4\u00e4 excursioita killan j\u00e4senille ja toimii niill\u00e4 matkanjohtajana.<\/p>\n<p><span class=\"Apple-style-span\" style=\"font-style: italic;\">Fuksivastaava<\/span>\u00a0huolehtii uusien j\u00e4senien perehdytt\u00e4misest\u00e4 killan henkeen, perinteisiin, toimintaan ja yleisiin akateemisiin tapoihin.<\/p>\n<p><span class=\"Apple-style-span\" style=\"font-style: italic;\">Opintovastaava<\/span>\u00a0hoitaa opiskeluun liittyvi\u00e4 kysymyksi\u00e4 ja valmistelee aloitteita opiskelun tarkoituksenmukaiseksi kehitt\u00e4miseksi.<\/p>\n<h3>21 \u00a7 Hallituksen teht\u00e4v\u00e4t<\/h3>\n<p>Killan hallituksen teht\u00e4v\u00e4n\u00e4 on:<\/p>\n<ol>\n<li>valvoa killan etua ja mainetta,<\/li>\n<li>toimia killan toimeenpanevana elimen\u00e4,<\/li>\n<li>laatia ja esitt\u00e4\u00e4 vaalikokoukselle ehdotus seuraavan toimikauden toimintasuunnitelmaksi,<\/li>\n<li>laatia ja esitt\u00e4\u00e4 vaalikokoukselle ehdotus seuraavan toimikauden talousarvioksi,<\/li>\n<li>laatia ja esitt\u00e4\u00e4 vaalikokoukselle ehdotus seuraavan toimikauden hallituksen j\u00e4senten ja toimihenkil\u00f6iden toimenkuviksi,<\/li>\n<li>laatia ja esitt\u00e4\u00e4 toimintakertomus toimikaudestaan seuraavan vuoden vuosikokoukselle,<\/li>\n<li>valmistella muut killan kokouksissa k\u00e4sitelt\u00e4v\u00e4t asiat,<\/li>\n<li>asettaa tarvittaessa toimikuntia,<\/li>\n<li>hyv\u00e4ksy\u00e4 killan uudet j\u00e4senet kunniaj\u00e4seni\u00e4 lukuunottamatta ja pit\u00e4\u00e4 killan j\u00e4senist\u00e4 j\u00e4senrekisteri\u00e4.<\/li>\n<\/ol>\n<h3>22 \u00a7 Hallituksen kokoukset<\/h3>\n<p>Hallituksen tulee kokoontua v\u00e4hint\u00e4\u00e4n kerran kuukaudessa Oulun yliopiston lukukausien aikana. Kokouskutsun tulee olla esill\u00e4 killan ilmoitustaululla viimeist\u00e4\u00e4n kokousta edelt\u00e4v\u00e4n\u00e4 arkip\u00e4iv\u00e4n\u00e4.<\/p>\n<p>Yhdistyksen hallitus on p\u00e4\u00e4t\u00f6svaltainen, kun paikalla on enemm\u00e4n kuin puolet hallituksen j\u00e4senist\u00e4, joista yksi on puheenjohtaja tai varapuheenjohtaja. Valtakirjalla ei saa \u00e4\u00e4nest\u00e4\u00e4.<\/p>\n<h3>23 \u00a7 Hallituksen j\u00e4senen erottaminen<\/h3>\n<p>Killan kokous voi 2\/3 enemmist\u00f6ll\u00e4 annetuista \u00e4\u00e4nist\u00e4 erottaa hallituksen j\u00e4senen. Hallituksen j\u00e4senen erottamisen k\u00e4sittely on mainittava kokouskutsussa.<\/p>\n<p>Uusi hallituksen j\u00e4sen on valittava killan kokouksessa, joka on pidett\u00e4v\u00e4 viimeist\u00e4\u00e4n kahden viikon kuluttua edell\u00e4 mainitusta kokouksesta.<\/p>\n<h3>24 \u00a7 Killan toimihenkil\u00f6t<\/h3>\n<p>Killan toimihenkil\u00f6it\u00e4 ovat ainakin:<\/p>\n<ol>\n<li>juottaja<\/li>\n<li>em\u00e4nt\u00e4\/is\u00e4nt\u00e4<\/li>\n<li>urheiluvastaava<\/li>\n<li>laulunjohtaja<\/li>\n<li>laulunjohtajan apu\u00e4\u00e4ni<\/li>\n<\/ol>\n<p>Killan kokous voi halutessaan valita my\u00f6s muita toimihenkil\u00f6it\u00e4.<\/p>\n<h2>V LUKU &#8211; YLEISI\u00c4 S\u00c4\u00c4NN\u00d6KSI\u00c4<\/h2>\n<h3>25 \u00a7 Killan toimi- ja tilikausi<\/h3>\n<p>Killan toimi- ja tilikausi on kalenterivuosi.<\/p>\n<h3>26 \u00a7 Killan nimenkirjoitusoikeus<\/h3>\n<p>Killan nimenkirjoitusoikeus on puheenjohtajalla yhdess\u00e4 varapuheenjohtajan tai rahastonhoitajan kanssa.<\/p>\n<h3>27 \u00a7 Killan oltermanni<\/h3>\n<p>Killan vaalikokous kutsuu killan oltermanniksi yhdeksi vuodeksi kerrallaan Oulun yliopiston Tieto- ja s\u00e4hk\u00f6tekniikan tiedekunnan s\u00e4hk\u00f6- tai tietoliikennetekniikan osaston opettajan.<\/p>\n<p>Oltermannin teht\u00e4v\u00e4n\u00e4 on tukea killan toimintaa sek\u00e4 toimia yhdyssiteen\u00e4 killan ja osaston henkil\u00f6kunnan v\u00e4lill\u00e4.<\/p>\n<h3>28 \u00a7 Tunnukset<\/h3>\n<p>Killan tunnuksia ovat:<\/p>\n<ol>\n<li>varsinaisilla ja seniorij\u00e4senill\u00e4 hopeinen salamakokardi, jota kannetaan teekkarilakissa<\/li>\n<li>entisill\u00e4 ja nykyisill\u00e4 hallituksen j\u00e4senill\u00e4 ja kiltavanhimmalla kultainen salamakokardi, jota kannetaan teekkarilakissa tupsun narun juuressa<\/li>\n<li>oltermannilla oltermannin sauva.<\/li>\n<\/ol>\n<p>Kultainen salamakokardi voidaan my\u00f6nt\u00e4\u00e4 my\u00f6s j\u00e4senelle, joka on kiitett\u00e4v\u00e4ll\u00e4 tavalla toiminut killan hyv\u00e4ksi.<\/p>\n<h3>29 \u00a7 S\u00e4\u00e4nt\u00f6jen muuttaminen<\/h3>\n<p>S\u00e4\u00e4nt\u00f6jen muuttamista koskeva asia on hyv\u00e4ksytt\u00e4v\u00e4 v\u00e4hint\u00e4\u00e4n 3\/4 enemmist\u00f6ll\u00e4 kahdessa per\u00e4tt\u00e4isess\u00e4 kokouksessa, joiden v\u00e4lill\u00e4 on v\u00e4hint\u00e4\u00e4n kaksi viikkoa.<\/p>\n<h3>30 \u00a7 Killan purkaminen<\/h3>\n<p>Killan purkamista koskeva p\u00e4\u00e4t\u00f6s on hyv\u00e4ksytt\u00e4v\u00e4 v\u00e4hint\u00e4\u00e4n 3\/4 enemmist\u00f6ll\u00e4 kahdessa per\u00e4kk\u00e4isess\u00e4 kokouksessa, joiden v\u00e4lill\u00e4 on v\u00e4hint\u00e4\u00e4n kaksi viikoa.<\/p>\n<h3>31 \u00a7 Varojen jako purkautumistilanteessa<\/h3>\n<p>Killan purkautuessa tai sen tullessa lakkautetuksi on killan j\u00e4ljelle j\u00e4\u00e4v\u00e4t varat luovutettava toimintaa jatkavalle rekister\u00f6idylle yhdistykselle tai sen puuttuessa Oulun Teekkariyhdistys ry:lle.<\/p>\n","protected":false},"excerpt":{"rendered":"<p>N\u00e4m\u00e4 vanhat s\u00e4\u00e4nn\u00f6t eiv\u00e4t ole en\u00e4\u00e4 voimassa: I LUKU &#8211; YLEISI\u00c4 S\u00c4\u00c4NN\u00d6KSI\u00c4: 1 \u00a7 Yhdistyksen nimi Yhdistyksen nimi on S\u00e4hk\u00f6insin\u00f6\u00f6rikilta ry. Yhdistyksest\u00e4 k\u00e4ytet\u00e4\u00e4n n\u00e4iss\u00e4 s\u00e4\u00e4nn\u00f6iss\u00e4 nimityst\u00e4 kilta. 2 \u00a7 Killan tarkoitus Killan tarkoituksena on toimia Oulun yliopiston\u00a0Tieto- ja s\u00e4hk\u00f6tekniikan tiedekunnan s\u00e4hk\u00f6tekniikan, \u00a0elektroniikan ja tietoliikennetekniikan koulutusohjelmien\u00a0opiskelijoiden yhdyssiteen\u00e4. Kilta pyrkii toiminnallaan her\u00e4tt\u00e4m\u00e4\u00e4n &hellip;<\/p>\n","protected":false},"author":1,"featured_media":0,"parent":0,"menu_order":48,"comment_status":"closed","ping_status":"open","template":"","meta":{"footnotes":""},"class_list":["post-105","page","type-page","status-publish","hentry"],"_links":{"self":[{"href":"https:\/\/www.sik.fi\/index.php?rest_route=\/wp\/v2\/pages\/105","targetHints":{"allow":["GET"]}}],"collection":[{"href":"https:\/\/www.sik.fi\/index.php?rest_route=\/wp\/v2\/pages"}],"about":[{"href":"https:\/\/www.sik.fi\/index.php?rest_route=\/wp\/v2\/types\/page"}],"author":[{"embeddable":true,"href":"https:\/\/www.sik.fi\/index.php?rest_route=\/wp\/v2\/users\/1"}],"replies":[{"embeddable":true,"href":"https:\/\/www.sik.fi\/index.php?rest_route=%2Fwp%2Fv2%2Fcomments&post=105"}],"version-history":[{"count":4,"href":"https:\/\/www.sik.fi\/index.php?rest_route=\/wp\/v2\/pages\/105\/revisions"}],"predecessor-version":[{"id":1693,"href":"https:\/\/www.sik.fi\/index.php?rest_route=\/wp\/v2\/pages\/105\/revisions\/1693"}],"wp:attachment":[{"href":"https:\/\/www.sik.fi\/index.php?rest_route=%2Fwp%2Fv2%2Fmedia&parent=105"}],"curies":[{"name":"wp","href":"https:\/\/api.w.org\/{rel}","templated":true}]}}