{"id":160,"date":"2013-01-24T11:28:23","date_gmt":"2013-01-24T09:28:23","guid":{"rendered":"http:\/\/uusi.sik.fi\/index.php\/2013\/01\/24\/alumni\/"},"modified":"2021-02-28T23:11:44","modified_gmt":"2021-02-28T21:11:44","slug":"alumni","status":"publish","type":"page","link":"https:\/\/www.sik.fi\/?page_id=160","title":{"rendered":"Alumni"},"content":{"rendered":"<p>T\u00e4m\u00e4n lomakkeen avulla voit liitty\u00e4 S\u00e4hk\u00f6insin\u00f6\u00f6rikilta ry:n alumnien s\u00e4hk\u00f6postilistalle. Alumnitoiminta on killassamme vasta alkutekij\u00f6iss\u00e4\u00e4n, joten toivomme ett\u00e4 j\u00e4t\u00e4tte &#8221;Terveiset&#8221;-kentt\u00e4\u00e4n mahdollisia toiveita alumnitoiminnalta! Koska toiminta on vasta hyvin alussa, toivomme ett\u00e4 jaksatte rekryt\u00e4 vanhoja opiskelukavereita mukaan listalle!<\/p>\n<p>T\u00e4ytt\u00e4m\u00e4ll\u00e4 alla olevat kent\u00e4t liityt alumnien s\u00e4hk\u00f6postilistalle. S\u00e4hk\u00f6postilistaa moderoidaan ja k\u00e4ytet\u00e4\u00e4n harkitusti, joten sinne tulee vain aiheellista postia. S\u00e4hk\u00f6postilistan osoite on alumni at sik .fi! Tervetuloa mukaan toimintaan!<\/p>\n<p>&nbsp;<\/p>\n<p><strong>Liittymislomake:<\/strong><\/p>\n<div class=\"wpforms-container wpforms-container-full\" id=\"wpforms-920\"><form id=\"wpforms-form-920\" class=\"wpforms-validate wpforms-form\" data-formid=\"920\" method=\"post\" enctype=\"multipart\/form-data\" action=\"\/index.php?rest_route=%2Fwp%2Fv2%2Fpages%2F160\" data-token=\"ece6efe4d1dfb6cae87faed017642ac7\"><noscript class=\"wpforms-error-noscript\">Please enable JavaScript in your browser to complete this form.<\/noscript><div class=\"wpforms-field-container\"><div id=\"wpforms-920-field_1-container\" class=\"wpforms-field wpforms-field-text\" data-field-id=\"1\"><label class=\"wpforms-field-label\" for=\"wpforms-920-field_1\">Nimi <span class=\"wpforms-required-label\">*<\/span><\/label><input type=\"text\" id=\"wpforms-920-field_1\" class=\"wpforms-field-medium wpforms-field-required\" name=\"wpforms[fields][1]\" required><\/div><div id=\"wpforms-920-field_2-container\" class=\"wpforms-field wpforms-field-email\" data-field-id=\"2\"><label class=\"wpforms-field-label\" for=\"wpforms-920-field_2\">S\u00e4hk\u00f6posti <span class=\"wpforms-required-label\">*<\/span><\/label><input type=\"email\" id=\"wpforms-920-field_2\" class=\"wpforms-field-medium wpforms-field-required\" name=\"wpforms[fields][2]\" spellcheck=\"false\" required><\/div><div id=\"wpforms-920-field_3-container\" class=\"wpforms-field wpforms-field-text\" data-field-id=\"3\"><label class=\"wpforms-field-label\" for=\"wpforms-920-field_3\">Puhelinnumero<\/label><input type=\"text\" id=\"wpforms-920-field_3\" class=\"wpforms-field-medium\" name=\"wpforms[fields][3]\" ><\/div><div id=\"wpforms-920-field_4-container\" class=\"wpforms-field wpforms-field-text\" data-field-id=\"4\"><label class=\"wpforms-field-label\" for=\"wpforms-920-field_4\">Osoite<\/label><input type=\"text\" id=\"wpforms-920-field_4\" class=\"wpforms-field-medium\" name=\"wpforms[fields][4]\" ><\/div><div id=\"wpforms-920-field_6-container\" class=\"wpforms-field wpforms-field-number\" data-field-id=\"6\"><label class=\"wpforms-field-label\" for=\"wpforms-920-field_6\">Aloitusvuosi<\/label><input type=\"number\" pattern=\"\\d*\" id=\"wpforms-920-field_6\" class=\"wpforms-field-medium\" name=\"wpforms[fields][6]\" value=\"2000\" ><\/div><div id=\"wpforms-920-field_7-container\" class=\"wpforms-field wpforms-field-number\" data-field-id=\"7\"><label class=\"wpforms-field-label\" for=\"wpforms-920-field_7\">Valmistumisvuosi<\/label><input type=\"number\" pattern=\"\\d*\" id=\"wpforms-920-field_7\" class=\"wpforms-field-medium\" name=\"wpforms[fields][7]\" value=\"2015\" ><\/div><div id=\"wpforms-920-field_5-container\" class=\"wpforms-field wpforms-field-text\" data-field-id=\"5\"><label class=\"wpforms-field-label\" for=\"wpforms-920-field_5\">Suuntautuminen <span class=\"wpforms-required-label\">*<\/span><\/label><input type=\"text\" id=\"wpforms-920-field_5\" class=\"wpforms-field-medium wpforms-field-required\" name=\"wpforms[fields][5]\" required><\/div><div id=\"wpforms-920-field_8-container\" class=\"wpforms-field wpforms-field-textarea\" data-field-id=\"8\"><label class=\"wpforms-field-label\" for=\"wpforms-920-field_8\">Terveiset alumnivastaavalle<\/label><textarea id=\"wpforms-920-field_8\" class=\"wpforms-field-medium\" name=\"wpforms[fields][8]\" ><\/textarea><\/div><\/div><!-- .wpforms-field-container --><div class=\"wpforms-field wpforms-field-hp\"><label for=\"wpforms-920-field-hp\" class=\"wpforms-field-label\">Website<\/label><input type=\"text\" name=\"wpforms[hp]\" id=\"wpforms-920-field-hp\" class=\"wpforms-field-medium\"><\/div><div class=\"wpforms-recaptcha-container wpforms-is-recaptcha\" ><div class=\"g-recaptcha\" data-sitekey=\"6LfCOVEUAAAAAHJ3xqjjDq_rzBKTikPvQbJ70DGg\"><\/div><input type=\"text\" name=\"g-recaptcha-hidden\" class=\"wpforms-recaptcha-hidden\" style=\"position:absolute!important;clip:rect(0,0,0,0)!important;height:1px!important;width:1px!important;border:0!important;overflow:hidden!important;padding:0!important;margin:0!important;\" data-rule-recaptcha=\"1\"><\/div><div class=\"wpforms-submit-container\" ><input type=\"hidden\" name=\"wpforms[id]\" value=\"920\"><input type=\"hidden\" name=\"wpforms[author]\" value=\"1\"><button type=\"submit\" name=\"wpforms[submit]\" id=\"wpforms-submit-920\" class=\"wpforms-submit\" data-alt-text=\"Sending...\" data-submit-text=\"Submit\" aria-live=\"assertive\" value=\"wpforms-submit\">Submit<\/button><\/div><\/form><\/div>  <!-- .wpforms-container -->\n","protected":false},"excerpt":{"rendered":"<p>T\u00e4m\u00e4n lomakkeen avulla voit liitty\u00e4 S\u00e4hk\u00f6insin\u00f6\u00f6rikilta ry:n alumnien s\u00e4hk\u00f6postilistalle. Alumnitoiminta on killassamme vasta alkutekij\u00f6iss\u00e4\u00e4n, joten toivomme ett\u00e4 j\u00e4t\u00e4tte &#8221;Terveiset&#8221;-kentt\u00e4\u00e4n mahdollisia toiveita alumnitoiminnalta! Koska toiminta on vasta hyvin alussa, toivomme ett\u00e4 jaksatte rekryt\u00e4 vanhoja opiskelukavereita mukaan listalle! T\u00e4ytt\u00e4m\u00e4ll\u00e4 alla olevat kent\u00e4t liityt alumnien s\u00e4hk\u00f6postilistalle. S\u00e4hk\u00f6postilistaa moderoidaan ja k\u00e4ytet\u00e4\u00e4n harkitusti, joten sinne &hellip;<\/p>\n","protected":false},"author":1,"featured_media":0,"parent":0,"menu_order":7,"comment_status":"closed","ping_status":"closed","template":"","meta":{"footnotes":""},"class_list":["post-160","page","type-page","status-publish","hentry"],"_links":{"self":[{"href":"https:\/\/www.sik.fi\/index.php?rest_route=\/wp\/v2\/pages\/160","targetHints":{"allow":["GET"]}}],"collection":[{"href":"https:\/\/www.sik.fi\/index.php?rest_route=\/wp\/v2\/pages"}],"about":[{"href":"https:\/\/www.sik.fi\/index.php?rest_route=\/wp\/v2\/types\/page"}],"author":[{"embeddable":true,"href":"https:\/\/www.sik.fi\/index.php?rest_route=\/wp\/v2\/users\/1"}],"replies":[{"embeddable":true,"href":"https:\/\/www.sik.fi\/index.php?rest_route=%2Fwp%2Fv2%2Fcomments&post=160"}],"version-history":[{"count":9,"href":"https:\/\/www.sik.fi\/index.php?rest_route=\/wp\/v2\/pages\/160\/revisions"}],"predecessor-version":[{"id":1017,"href":"https:\/\/www.sik.fi\/index.php?rest_route=\/wp\/v2\/pages\/160\/revisions\/1017"}],"wp:attachment":[{"href":"https:\/\/www.sik.fi\/index.php?rest_route=%2Fwp%2Fv2%2Fmedia&parent=160"}],"curies":[{"name":"wp","href":"https:\/\/api.w.org\/{rel}","templated":true}]}}