{"id":179,"date":"2012-03-28T11:56:14","date_gmt":"2012-03-28T11:56:14","guid":{"rendered":"http:\/\/uusi.sik.fi\/index.php\/2012\/03\/28\/jaeynaet\/"},"modified":"2023-10-01T15:21:56","modified_gmt":"2023-10-01T12:21:56","slug":"jaeynaet","status":"publish","type":"page","link":"https:\/\/www.sik.fi\/?page_id=179","title":{"rendered":"J\u00e4yn\u00e4t"},"content":{"rendered":"<div class=\"wp-block-image\">\n<figure class=\"alignright\"><img loading=\"lazy\" decoding=\"async\" width=\"240\" height=\"172\" src=\"https:\/\/www.sik.fi\/wp-content\/uploads\/sivusto\/8661dc9f.jpg\" alt=\"\" class=\"wp-image-178\"\/><\/figure>\n<\/div>\n\n\n<p>Oulussa j\u00e4rjestet\u00e4\u00e4n vuosittain paikalliset j\u00e4yn\u00e4kisat. Kiltamme joukkue on sijoittunut yleens\u00e4 aina j\u00e4yn\u00e4\u00e4jien k\u00e4rkeen. Vuonna 2007 ja 2009 SIK palkittiin paikallisten j\u00e4yn\u00e4kisojen parhaana.<\/p>\n\n\n\n<p>J\u00e4yn\u00e4kisoissa tarkoituksena on tehd\u00e4 hauskoja teekkariaiheisia tempauksia ymp\u00e4ri kaupunkia. Oulun Teekkariyhdistyksen j\u00e4rjest\u00e4m\u00e4t paikalliset j\u00e4yn\u00e4kisat ovat yleens\u00e4 hieman ennen Wappua.<\/p>\n\n\n\n<p>Kiltamme j\u00e4ynist\u00e4 voisimme mainita viime vuosien ajalta esimerkiksi: Ydins\u00e4hk\u00f6mittari (1999), Vauvanitkua s\u00e4ilytyslokerossa (1999), Usvaa Rotuaarilla (2001), Keskiolutta Halpa-Hallista (2001), Mikroaaltouunin hajas\u00e4teilymittaus (2002), H\u00e4rski\u00e4 seksi\u00e4 teltassa (2002), Laastari palovammojen hoitoon(2007).<\/p>\n\n\n\n<p>Lis\u00e4ksi Oulun Teekkariyhdistys on j\u00e4rjest\u00e4nyt fuksij\u00e4yn\u00e4kisat vuodesta 2005 alkaen. Nekin ovat yleens\u00e4 hieman ennen Wappua, ja killastamme on joka kerta l\u00f6ytynyt joukkue niitt\u00e4m\u00e4\u00e4n menetyst\u00e4 n\u00e4ist\u00e4 kisoista. Voitto saavutettiinkin my\u00f6s t\u00e4ll\u00e4 saralla vuonna 2009.<\/p>\n\n\n\n<p>Tekniikan akateemisten liitto TEK j\u00e4rjest\u00e4\u00e4 vuosittain valtakunnalliset j\u00e4yn\u00e4kisat, joihin osallistuu jokaisesta teekkarikaupungista yksi joukkue. Yleisesti, kuten Oulussakin, valtakunnallisiin kilpailuihin edustusjoukkueeksi p\u00e4\u00e4see paikallisten j\u00e4yn\u00e4kisojen voittaja. Kisoissa palkitaan vuoden teekkarij\u00e4yn\u00e4\u00e4j\u00e4t sek\u00e4 yleens\u00e4 ainakin paras j\u00e4yn\u00e4 ja teknisin j\u00e4yn\u00e4. Lis\u00e4\u00e4 tietoa valtakunnallisista j\u00e4yn\u00e4kisoista saat osoitteesta:\u00a0<a href=\"https:\/\/www.tek.fi\/fi\/palvelut-ja-edut\/opiskelija\/teekkarit\/jaynapankki\">https:\/\/www.tek.fi\/fi\/palvelut-ja-edut\/opiskelija\/teekkarit\/jaynapankki<\/a><\/p>\n\n\n\n<p>Paikallisten j\u00e4yn\u00e4kisojen menestyksens\u00e4 ansiosta SIK sai kunnian edustaa Oulua valtakunnallisissa j\u00e4yn\u00e4kisoissa syksyll\u00e4 2007. Kisoista joukkueella olikin kotiintuomisina parhaan j\u00e4yn\u00e4n titteli hukkaenergia-j\u00e4yn\u00e4st\u00e4. J\u00e4yn\u00e4ss\u00e4 mitattiin ihmisist\u00e4 haihtuvaa hukkaenergiaa hienon laitteiston avulla. J\u00e4yn\u00e4tt\u00e4ville kerrottiin, ett\u00e4 hukkaenergia vaikuttaa ilmastonmuutokseen, ja sit\u00e4 sitten estettiin alumiinifolion avulla.<\/p>\n\n\n\n<p>Lis\u00e4\u00e4 tietoa saat osoitteesta <a rel=\"noreferrer noopener\" href=\"http:\/\/www.jayna.fi\/\" target=\"_blank\">http:\/\/www.<\/a><a href=\"https:\/\/www.jayna.fi\/osallistu\" target=\"_blank\" rel=\"noreferrer noopener\">jayna<\/a><a rel=\"noreferrer noopener\" href=\"http:\/\/www.jayna.fi\/\" target=\"_blank\">.fi<\/a><\/p>\n","protected":false},"excerpt":{"rendered":"<p>Oulussa j\u00e4rjestet\u00e4\u00e4n vuosittain paikalliset j\u00e4yn\u00e4kisat. Kiltamme joukkue on sijoittunut yleens\u00e4 aina j\u00e4yn\u00e4\u00e4jien k\u00e4rkeen. Vuonna 2007 ja 2009 SIK palkittiin paikallisten j\u00e4yn\u00e4kisojen parhaana. J\u00e4yn\u00e4kisoissa tarkoituksena on tehd\u00e4 hauskoja teekkariaiheisia tempauksia ymp\u00e4ri kaupunkia. Oulun Teekkariyhdistyksen j\u00e4rjest\u00e4m\u00e4t paikalliset j\u00e4yn\u00e4kisat ovat yleens\u00e4 hieman ennen Wappua. Kiltamme j\u00e4ynist\u00e4 voisimme mainita viime vuosien ajalta esimerkiksi: Ydins\u00e4hk\u00f6mittari &hellip;<\/p>\n","protected":false},"author":27,"featured_media":178,"parent":0,"menu_order":30,"comment_status":"closed","ping_status":"open","template":"","meta":{"footnotes":""},"class_list":["post-179","page","type-page","status-publish","has-post-thumbnail","hentry"],"_links":{"self":[{"href":"https:\/\/www.sik.fi\/index.php?rest_route=\/wp\/v2\/pages\/179","targetHints":{"allow":["GET"]}}],"collection":[{"href":"https:\/\/www.sik.fi\/index.php?rest_route=\/wp\/v2\/pages"}],"about":[{"href":"https:\/\/www.sik.fi\/index.php?rest_route=\/wp\/v2\/types\/page"}],"author":[{"embeddable":true,"href":"https:\/\/www.sik.fi\/index.php?rest_route=\/wp\/v2\/users\/27"}],"replies":[{"embeddable":true,"href":"https:\/\/www.sik.fi\/index.php?rest_route=%2Fwp%2Fv2%2Fcomments&post=179"}],"version-history":[{"count":4,"href":"https:\/\/www.sik.fi\/index.php?rest_route=\/wp\/v2\/pages\/179\/revisions"}],"predecessor-version":[{"id":2231,"href":"https:\/\/www.sik.fi\/index.php?rest_route=\/wp\/v2\/pages\/179\/revisions\/2231"}],"wp:featuredmedia":[{"embeddable":true,"href":"https:\/\/www.sik.fi\/index.php?rest_route=\/wp\/v2\/media\/178"}],"wp:attachment":[{"href":"https:\/\/www.sik.fi\/index.php?rest_route=%2Fwp%2Fv2%2Fmedia&parent=179"}],"curies":[{"name":"wp","href":"https:\/\/api.w.org\/{rel}","templated":true}]}}