{"id":626,"date":"2018-03-25T21:35:24","date_gmt":"2018-03-25T18:35:24","guid":{"rendered":"https:\/\/uusi.sik.fi\/?page_id=626"},"modified":"2023-10-01T15:40:18","modified_gmt":"2023-10-01T12:40:18","slug":"culture-2","status":"publish","type":"page","link":"https:\/\/www.sik.fi\/?page_id=626&lang=en","title":{"rendered":"Culture"},"content":{"rendered":"\n<p>Teekkari culture have long traditions and it&#8217;s also about having fun. In these pages you can get familiar with many kinds of Teekkari traditions and culture.<\/p>\n\n\n\n<div class=\"wp-block-buttons is-layout-flex wp-block-buttons-is-layout-flex\">\n<div class=\"wp-block-button is-style-outline is-style-outline--1\"><a class=\"wp-block-button__link wp-element-button\" href=\"https:\/\/www.sik.fi\/?page_id=2232&amp;lang=en\">J\u00e4yn\u00e4t \/ Pranks<\/a><\/div>\n\n\n\n<div class=\"wp-block-button is-style-outline is-style-outline--2\"><a class=\"wp-block-button__link wp-element-button\" href=\"https:\/\/www.sik.fi\/?page_id=1898\">Merkkiohjes\u00e4\u00e4nt\u00f6<\/a><\/div>\n\n\n\n<div class=\"wp-block-button is-style-outline is-style-outline--3\"><a class=\"wp-block-button__link wp-element-button\" href=\"https:\/\/www.sik.fi\/?page_id=1010&amp;lang=en\">M\u00f6ykk\u00e4waunut<\/a><\/div>\n\n\n\n<div class=\"wp-block-button is-style-outline is-style-outline--4\"><a class=\"wp-block-button__link wp-element-button\" href=\"https:\/\/www.sik.fi\/?page_id=1005&amp;lang=en\">NeverSki-sukset<\/a><\/div>\n\n\n\n<div class=\"wp-block-button is-style-outline is-style-outline--5\"><a class=\"wp-block-button__link wp-element-button\" href=\"https:\/\/www.sik.fi\/?page_id=1014&amp;lang=en\">Tour De Ski \/ Ymp\u00e4rihiihdot<\/a><\/div>\n\n\n\n<div class=\"wp-block-button is-style-outline is-style-outline--6\"><a class=\"wp-block-button__link wp-element-button\" href=\"https:\/\/www.sik.fi\/?page_id=1893\">SIK-hymn<\/a><\/div>\n<\/div>\n","protected":false},"excerpt":{"rendered":"<p>Teekkari culture have long traditions and it&#8217;s also about having fun. In these pages you can get familiar with many kinds of Teekkari traditions and culture.<\/p>\n","protected":false},"author":27,"featured_media":94,"parent":0,"menu_order":53,"comment_status":"closed","ping_status":"open","template":"","meta":{"footnotes":""},"class_list":["post-626","page","type-page","status-publish","has-post-thumbnail","hentry"],"_links":{"self":[{"href":"https:\/\/www.sik.fi\/index.php?rest_route=\/wp\/v2\/pages\/626","targetHints":{"allow":["GET"]}}],"collection":[{"href":"https:\/\/www.sik.fi\/index.php?rest_route=\/wp\/v2\/pages"}],"about":[{"href":"https:\/\/www.sik.fi\/index.php?rest_route=\/wp\/v2\/types\/page"}],"author":[{"embeddable":true,"href":"https:\/\/www.sik.fi\/index.php?rest_route=\/wp\/v2\/users\/27"}],"replies":[{"embeddable":true,"href":"https:\/\/www.sik.fi\/index.php?rest_route=%2Fwp%2Fv2%2Fcomments&post=626"}],"version-history":[{"count":4,"href":"https:\/\/www.sik.fi\/index.php?rest_route=\/wp\/v2\/pages\/626\/revisions"}],"predecessor-version":[{"id":2244,"href":"https:\/\/www.sik.fi\/index.php?rest_route=\/wp\/v2\/pages\/626\/revisions\/2244"}],"wp:featuredmedia":[{"embeddable":true,"href":"https:\/\/www.sik.fi\/index.php?rest_route=\/wp\/v2\/media\/94"}],"wp:attachment":[{"href":"https:\/\/www.sik.fi\/index.php?rest_route=%2Fwp%2Fv2%2Fmedia&parent=626"}],"curies":[{"name":"wp","href":"https:\/\/api.w.org\/{rel}","templated":true}]}}