{"id":638,"date":"2018-03-25T21:47:47","date_gmt":"2018-03-25T18:47:47","guid":{"rendered":"https:\/\/uusi.sik.fi\/?page_id=638"},"modified":"2021-02-28T23:11:59","modified_gmt":"2021-02-28T21:11:59","slug":"oamk-2","status":"publish","type":"page","link":"https:\/\/www.sik.fi\/?page_id=638&lang=en","title":{"rendered":"OAMK"},"content":{"rendered":"<p>The main purpose of the OAMK association is to serve possibilities of playing Kyykk\u00e4 (finnish skittles) and M\u00f6l\u00f6kky.<\/p>\n<p>You can find more information about OAMK in its own webpage (in Finnish):<\/p>\n<p><a title=\"http:\/\/www.oamk.oulu.fi\/\" href=\"http:\/\/www.oamk.oulu.fi\/\">http:\/\/www.oamk.oulu.fi\/<\/a><\/p>\n","protected":false},"excerpt":{"rendered":"<p>The main purpose of the OAMK association is to serve possibilities of playing Kyykk\u00e4 (finnish skittles) and M\u00f6l\u00f6kky. You can find more information about OAMK in its own webpage (in Finnish): http:\/\/www.oamk.oulu.fi\/<\/p>\n","protected":false},"author":1,"featured_media":168,"parent":0,"menu_order":35,"comment_status":"closed","ping_status":"open","template":"","meta":{"footnotes":""},"class_list":["post-638","page","type-page","status-publish","has-post-thumbnail","hentry"],"_links":{"self":[{"href":"https:\/\/www.sik.fi\/index.php?rest_route=\/wp\/v2\/pages\/638","targetHints":{"allow":["GET"]}}],"collection":[{"href":"https:\/\/www.sik.fi\/index.php?rest_route=\/wp\/v2\/pages"}],"about":[{"href":"https:\/\/www.sik.fi\/index.php?rest_route=\/wp\/v2\/types\/page"}],"author":[{"embeddable":true,"href":"https:\/\/www.sik.fi\/index.php?rest_route=\/wp\/v2\/users\/1"}],"replies":[{"embeddable":true,"href":"https:\/\/www.sik.fi\/index.php?rest_route=%2Fwp%2Fv2%2Fcomments&post=638"}],"version-history":[{"count":2,"href":"https:\/\/www.sik.fi\/index.php?rest_route=\/wp\/v2\/pages\/638\/revisions"}],"predecessor-version":[{"id":885,"href":"https:\/\/www.sik.fi\/index.php?rest_route=\/wp\/v2\/pages\/638\/revisions\/885"}],"wp:featuredmedia":[{"embeddable":true,"href":"https:\/\/www.sik.fi\/index.php?rest_route=\/wp\/v2\/media\/168"}],"wp:attachment":[{"href":"https:\/\/www.sik.fi\/index.php?rest_route=%2Fwp%2Fv2%2Fmedia&parent=638"}],"curies":[{"name":"wp","href":"https:\/\/api.w.org\/{rel}","templated":true}]}}