{"id":681,"date":"2018-03-25T22:07:47","date_gmt":"2018-03-25T19:07:47","guid":{"rendered":"https:\/\/uusi.sik.fi\/?page_id=681"},"modified":"2021-02-28T23:12:10","modified_gmt":"2021-02-28T21:12:10","slug":"services-2","status":"publish","type":"page","link":"https:\/\/www.sik.fi\/?page_id=681&lang=en","title":{"rendered":"Services"},"content":{"rendered":"<p>S\u00e4hk\u00f6insin\u00f6\u00f6rikilta ry is offering to it\u2019s members many kind of services that are helping with studies, both official and entertaining. You can find more specific descriptions of guild\u2019s services by clicking the links above the page.<\/p>\n","protected":false},"excerpt":{"rendered":"<p>S\u00e4hk\u00f6insin\u00f6\u00f6rikilta ry is offering to it\u2019s members many kind of services that are helping with studies, both official and entertaining. You can find more specific descriptions of guild\u2019s services by clicking the links above the page.<\/p>\n","protected":false},"author":1,"featured_media":92,"parent":0,"menu_order":54,"comment_status":"closed","ping_status":"open","template":"","meta":{"footnotes":""},"class_list":["post-681","page","type-page","status-publish","has-post-thumbnail","hentry"],"_links":{"self":[{"href":"https:\/\/www.sik.fi\/index.php?rest_route=\/wp\/v2\/pages\/681","targetHints":{"allow":["GET"]}}],"collection":[{"href":"https:\/\/www.sik.fi\/index.php?rest_route=\/wp\/v2\/pages"}],"about":[{"href":"https:\/\/www.sik.fi\/index.php?rest_route=\/wp\/v2\/types\/page"}],"author":[{"embeddable":true,"href":"https:\/\/www.sik.fi\/index.php?rest_route=\/wp\/v2\/users\/1"}],"replies":[{"embeddable":true,"href":"https:\/\/www.sik.fi\/index.php?rest_route=%2Fwp%2Fv2%2Fcomments&post=681"}],"version-history":[{"count":2,"href":"https:\/\/www.sik.fi\/index.php?rest_route=\/wp\/v2\/pages\/681\/revisions"}],"predecessor-version":[{"id":976,"href":"https:\/\/www.sik.fi\/index.php?rest_route=\/wp\/v2\/pages\/681\/revisions\/976"}],"wp:featuredmedia":[{"embeddable":true,"href":"https:\/\/www.sik.fi\/index.php?rest_route=\/wp\/v2\/media\/92"}],"wp:attachment":[{"href":"https:\/\/www.sik.fi\/index.php?rest_route=%2Fwp%2Fv2%2Fmedia&parent=681"}],"curies":[{"name":"wp","href":"https:\/\/api.w.org\/{rel}","templated":true}]}}